{"id":1460,"date":"2017-01-20T17:18:33","date_gmt":"2017-01-20T17:18:33","guid":{"rendered":"http:\/\/astolat.se\/?page_id=1460"},"modified":"2024-02-13T10:41:35","modified_gmt":"2024-02-13T10:41:35","slug":"c-kullen","status":"publish","type":"page","link":"https:\/\/astolat.se\/?page_id=1460","title":{"rendered":"C-kullen"},"content":{"rendered":"<div id=\"pl-1460\"  class=\"panel-layout\" ><div id=\"pg-1460-0\"  class=\"panel-grid panel-no-style\" ><div id=\"pgc-1460-0-0\"  class=\"panel-grid-cell\" ><div id=\"panel-1460-0-0-0\" class=\"so-panel widget widget_sow-editor panel-first-child panel-last-child\" data-index=\"0\" ><div\n\t\t\t\n\t\t\tclass=\"so-widget-sow-editor so-widget-sow-editor-base\"\n\t\t\t\n\t\t>\n<div class=\"siteorigin-widget-tinymce textwidget\">\n\t<p>f\u00f6dda 2006, e. <em>TJH KORAD SE UCH<\/em> Watchman- Izor \/ Sandcastle's Queen B.<\/p>\n<hr \/>\n<p>&nbsp;<\/p>\n<\/div>\n<\/div><\/div><\/div><\/div><div id=\"pg-1460-1\"  class=\"panel-grid panel-no-style\" ><div id=\"pgc-1460-1-0\"  class=\"panel-grid-cell\" ><div id=\"panel-1460-1-0-0\" class=\"so-panel widget widget_media_image panel-first-child panel-last-child\" data-index=\"1\" ><img decoding=\"async\" width=\"300\" height=\"235\" data-src=\"https:\/\/astolat.se\/wp-content\/uploads\/2016\/02\/uppstalld-300x235.jpg\" class=\"image wp-image-1306  attachment-medium size-medium lazyload\" alt=\"\" style=\"--smush-placeholder-width: 300px; --smush-placeholder-aspect-ratio: 300\/235;max-width: 100%; height: auto;\" data-srcset=\"https:\/\/astolat.se\/wp-content\/uploads\/2016\/02\/uppstalld-300x235.jpg 300w, https:\/\/astolat.se\/wp-content\/uploads\/2016\/02\/uppstalld-e1704534671591-75x58.jpg 75w\" data-sizes=\"(max-width: 300px) 100vw, 300px\" src=\"data:image\/svg+xml;base64,PHN2ZyB3aWR0aD0iMSIgaGVpZ2h0PSIxIiB4bWxucz0iaHR0cDovL3d3dy53My5vcmcvMjAwMC9zdmciPjwvc3ZnPg==\" \/><\/div><\/div><div id=\"pgc-1460-1-1\"  class=\"panel-grid-cell\" ><div id=\"panel-1460-1-1-0\" class=\"so-panel widget widget_sow-editor panel-first-child panel-last-child\" data-index=\"2\" ><div\n\t\t\t\n\t\t\tclass=\"so-widget-sow-editor so-widget-sow-editor-base\"\n\t\t\t\n\t\t>\n<div class=\"siteorigin-widget-tinymce textwidget\">\n\t<h5><\/h5>\n<h6 style=\"text-align: left;\">A. CACTUS CALYPTUS<\/h6>\n<p>Genomg\u00e5nget MH<\/p>\n<\/div>\n<\/div><\/div><\/div><\/div><div id=\"pg-1460-2\"  class=\"panel-grid panel-has-style\" ><div class=\"panel-row-style panel-row-style-for-1460-2\" ><div id=\"pgc-1460-2-0\"  class=\"panel-grid-cell\" ><div id=\"panel-1460-2-0-0\" class=\"so-panel widget widget_sow-editor panel-first-child panel-last-child\" data-index=\"3\" ><div\n\t\t\t\n\t\t\tclass=\"so-widget-sow-editor so-widget-sow-editor-base\"\n\t\t\t\n\t\t>\n<div class=\"siteorigin-widget-tinymce textwidget\">\n\t<h5><\/h5>\n<h6 style=\"text-align: center;\"><em>KORAD<\/em>\u00a0 A. CEDRUS CYPERUS<\/h6>\n<p style=\"text-align: center;\">\u00c4gare, kennel Astolat, KORAD, genomg\u00e5nhet MH, Cert, BIM, HD A, \u00f6gon ua<\/p>\n<\/div>\n<\/div><\/div><\/div><div id=\"pgc-1460-2-1\"  class=\"panel-grid-cell\" ><div id=\"panel-1460-2-1-0\" class=\"so-panel widget widget_sow-image panel-first-child panel-last-child\" data-index=\"4\" ><div\n\t\t\t\n\t\t\tclass=\"so-widget-sow-image so-widget-sow-image-default-8b5b6f678277-1460\"\n\t\t\t\n\t\t>\n<div class=\"sow-image-container\">\n\t\t<img \n\tdata-src=\"https:\/\/astolat.se\/wp-content\/uploads\/2016\/02\/DSC08110.jpg\" width=\"700\" height=\"465\" data-srcset=\"https:\/\/astolat.se\/wp-content\/uploads\/2016\/02\/DSC08110.jpg 700w, https:\/\/astolat.se\/wp-content\/uploads\/2016\/02\/DSC08110-300x199.jpg 300w\" data-sizes=\"(max-width: 700px) 100vw, 700px\" alt=\"\" \t\tclass=\"so-widget-image lazyload\" src=\"data:image\/svg+xml;base64,PHN2ZyB3aWR0aD0iMSIgaGVpZ2h0PSIxIiB4bWxucz0iaHR0cDovL3d3dy53My5vcmcvMjAwMC9zdmciPjwvc3ZnPg==\" style=\"--smush-placeholder-width: 700px; --smush-placeholder-aspect-ratio: 700\/465;\" \/>\n\t<\/div>\n\n<\/div><\/div><\/div><\/div><\/div><div id=\"pg-1460-3\"  class=\"panel-grid panel-no-style\" ><div id=\"pgc-1460-3-0\"  class=\"panel-grid-cell\" ><div id=\"panel-1460-3-0-0\" class=\"so-panel widget widget_media_image panel-first-child panel-last-child\" data-index=\"5\" ><img decoding=\"async\" width=\"300\" height=\"247\" data-src=\"https:\/\/astolat.se\/wp-content\/uploads\/2016\/02\/cicer-300x247.jpg\" class=\"image wp-image-1294  attachment-medium size-medium lazyload\" alt=\"\" style=\"--smush-placeholder-width: 300px; --smush-placeholder-aspect-ratio: 300\/247;max-width: 100%; height: auto;\" data-srcset=\"https:\/\/astolat.se\/wp-content\/uploads\/2016\/02\/cicer-300x247.jpg 300w, https:\/\/astolat.se\/wp-content\/uploads\/2016\/02\/cicer-75x61.jpg 75w, https:\/\/astolat.se\/wp-content\/uploads\/2016\/02\/cicer-1024x844.jpg 1024w, https:\/\/astolat.se\/wp-content\/uploads\/2016\/02\/cicer.jpg 1463w\" data-sizes=\"(max-width: 300px) 100vw, 300px\" src=\"data:image\/svg+xml;base64,PHN2ZyB3aWR0aD0iMSIgaGVpZ2h0PSIxIiB4bWxucz0iaHR0cDovL3d3dy53My5vcmcvMjAwMC9zdmciPjwvc3ZnPg==\" \/><\/div><\/div><div id=\"pgc-1460-3-1\"  class=\"panel-grid-cell\" ><div id=\"panel-1460-3-1-0\" class=\"so-panel widget widget_sow-editor panel-first-child panel-last-child\" data-index=\"6\" ><div\n\t\t\t\n\t\t\tclass=\"so-widget-sow-editor so-widget-sow-editor-base\"\n\t\t\t\n\t\t>\n<div class=\"siteorigin-widget-tinymce textwidget\">\n\t<h5><\/h5>\n<h6>A. CICER CAMELOT<\/h6>\n<p>Genomg\u00e5nget MH<\/p>\n<\/div>\n<\/div><\/div><\/div><\/div><div id=\"pg-1460-4\"  class=\"panel-grid panel-has-style\" ><div class=\"panel-row-style panel-row-style-for-1460-4\" ><div id=\"pgc-1460-4-0\"  class=\"panel-grid-cell panel-grid-cell-empty\" ><\/div><div id=\"pgc-1460-4-1\"  class=\"panel-grid-cell\" ><div id=\"panel-1460-4-1-0\" class=\"so-panel widget widget_sow-editor panel-first-child panel-last-child\" data-index=\"7\" ><div\n\t\t\t\n\t\t\tclass=\"so-widget-sow-editor so-widget-sow-editor-base\"\n\t\t\t\n\t\t>\n<div class=\"siteorigin-widget-tinymce textwidget\">\n\t<h5><\/h5>\n<h6>A. CROCUS CY\u00c0NUS<\/h6>\n<p>Genomg\u00e5nget MH<\/p>\n<\/div>\n<\/div><\/div><\/div><\/div><\/div><div id=\"pg-1460-5\"  class=\"panel-grid panel-has-style\" ><div class=\"panel-row-style panel-row-style-for-1460-5\" ><div id=\"pgc-1460-5-0\"  class=\"panel-grid-cell\" ><div id=\"panel-1460-5-0-0\" class=\"so-panel widget widget_sow-image panel-first-child panel-last-child\" data-index=\"8\" ><div\n\t\t\t\n\t\t\tclass=\"so-widget-sow-image so-widget-sow-image-default-8b5b6f678277-1460\"\n\t\t\t\n\t\t>\n<div class=\"sow-image-container\">\n\t\t<img \n\tdata-src=\"https:\/\/astolat.se\/wp-content\/uploads\/2017\/01\/Bild-008-e1704437850894.jpg\" width=\"800\" height=\"685\" data-sizes=\"(max-width: 800px) 100vw, 800px\" title=\"Bild 008\" alt=\"\" \t\tclass=\"so-widget-image lazyload\" src=\"data:image\/svg+xml;base64,PHN2ZyB3aWR0aD0iMSIgaGVpZ2h0PSIxIiB4bWxucz0iaHR0cDovL3d3dy53My5vcmcvMjAwMC9zdmciPjwvc3ZnPg==\" style=\"--smush-placeholder-width: 800px; --smush-placeholder-aspect-ratio: 800\/685;\" \/>\n\t<\/div>\n\n<\/div><\/div><\/div><div id=\"pgc-1460-5-1\"  class=\"panel-grid-cell\" ><div id=\"panel-1460-5-1-0\" class=\"so-panel widget widget_sow-editor panel-first-child panel-last-child\" data-index=\"9\" ><div\n\t\t\t\n\t\t\tclass=\"so-widget-sow-editor so-widget-sow-editor-base\"\n\t\t\t\n\t\t>\n<div class=\"siteorigin-widget-tinymce textwidget\">\n\t<h5><\/h5>\n<h6 style=\"text-align: center;\">A.COCOS CEL\u00c1STRUS<\/h6>\n<p style=\"text-align: center;\">Genomg\u00e5nget MH<\/p>\n<p>&nbsp;<\/p>\n<\/div>\n<\/div><\/div><\/div><\/div><\/div><div id=\"pg-1460-6\"  class=\"panel-grid panel-has-style\" ><div class=\"panel-row-style panel-row-style-for-1460-6\" ><div id=\"pgc-1460-6-0\"  class=\"panel-grid-cell panel-grid-cell-empty\" ><\/div><div id=\"pgc-1460-6-1\"  class=\"panel-grid-cell\" ><div id=\"panel-1460-6-1-0\" class=\"so-panel widget widget_sow-editor panel-first-child panel-last-child\" data-index=\"10\" ><div\n\t\t\t\n\t\t\tclass=\"so-widget-sow-editor so-widget-sow-editor-base\"\n\t\t\t\n\t\t>\n<div class=\"siteorigin-widget-tinymce textwidget\">\n\t<div id=\"pgc-1460-6-0\" class=\"panel-grid-cell\">\n<div id=\"panel-1460-6-0-1\" class=\"so-panel widget widget_sow-image panel-last-child so-panels-faded\" data-index=\"11\">\n<div class=\"panel-widget-style panel-widget-style-for-1460-6-0-1\">\n<div class=\"so-widget-sow-image so-widget-sow-image-default-8b5b6f678277-1460\">\n<div class=\"sow-image-container\"><img class=\"so-widget-image\" title=\"C-kullen\" alt=\"\" \/><\/div>\n<\/div>\n<\/div>\n<\/div>\n<\/div>\n<div id=\"pgc-1460-6-1\" class=\"panel-grid-cell\">\n<div id=\"panel-1460-6-1-0\" class=\"so-panel widget widget_sow-editor panel-first-child panel-last-child so-panels-highlighted\" data-index=\"12\">\n<div class=\"panel-widget-style panel-widget-style-for-1460-6-1-0\">\n<div class=\"so-widget-sow-editor so-widget-sow-editor-base\">\n<div class=\"siteorigin-widget-tinymce textwidget\">\n<h5><\/h5>\n<h6 style=\"text-align: center;\">A. CAMELIA CAMELIARD<\/h6>\n<p style=\"text-align: center;\">Genomg\u00e5nget MH<\/p>\n<\/div>\n<\/div>\n<\/div>\n<\/div>\n<\/div>\n<\/div>\n<\/div><\/div><\/div><\/div><\/div><div id=\"pg-1460-7\"  class=\"panel-grid panel-has-style\" ><div class=\"panel-row-style panel-row-style-for-1460-7\" ><div id=\"pgc-1460-7-0\"  class=\"panel-grid-cell\" ><div id=\"panel-1460-7-0-0\" class=\"so-panel widget widget_media_image panel-first-child panel-last-child\" data-index=\"11\" ><img decoding=\"async\" width=\"300\" height=\"225\" data-src=\"https:\/\/astolat.se\/wp-content\/uploads\/2017\/01\/bindi-300x225.jpg\" class=\"image wp-image-1490  attachment-medium size-medium lazyload\" alt=\"\" style=\"--smush-placeholder-width: 300px; --smush-placeholder-aspect-ratio: 300\/225;max-width: 100%; height: auto;\" data-srcset=\"https:\/\/astolat.se\/wp-content\/uploads\/2017\/01\/bindi-300x225.jpg 300w, https:\/\/astolat.se\/wp-content\/uploads\/2017\/01\/bindi.jpg 600w\" data-sizes=\"(max-width: 300px) 100vw, 300px\" src=\"data:image\/svg+xml;base64,PHN2ZyB3aWR0aD0iMSIgaGVpZ2h0PSIxIiB4bWxucz0iaHR0cDovL3d3dy53My5vcmcvMjAwMC9zdmciPjwvc3ZnPg==\" \/><\/div><\/div><div id=\"pgc-1460-7-1\"  class=\"panel-grid-cell\" ><div id=\"panel-1460-7-1-0\" class=\"so-panel widget widget_sow-editor panel-first-child panel-last-child\" data-index=\"12\" ><div\n\t\t\t\n\t\t\tclass=\"so-widget-sow-editor so-widget-sow-editor-base\"\n\t\t\t\n\t\t>\n<div class=\"siteorigin-widget-tinymce textwidget\">\n\t<h5><\/h5>\n<h6>A. CAL\u00c9NDULA CR\u00c1SSULA<\/h6>\n<p>Genomg\u00e5nget MH<\/p>\n<\/div>\n<\/div><\/div><\/div><\/div><\/div><div id=\"pg-1460-8\"  class=\"panel-grid panel-has-style\" ><div class=\"panel-row-style panel-row-style-for-1460-8\" ><div id=\"pgc-1460-8-0\"  class=\"panel-grid-cell\" ><div id=\"panel-1460-8-0-0\" class=\"so-panel widget widget_sow-editor panel-first-child panel-last-child\" data-index=\"13\" ><div class=\"panel-widget-style panel-widget-style-for-1460-8-0-0\" ><div\n\t\t\t\n\t\t\tclass=\"so-widget-sow-editor so-widget-sow-editor-base\"\n\t\t\t\n\t\t>\n<div class=\"siteorigin-widget-tinymce textwidget\">\n\t<h5><\/h5>\n<h6 style=\"text-align: left;\">\u00a0 \u00a0 \u00a0 A.CASTANEA CANIN\u00c1<\/h6>\n<p style=\"text-align: left;\">\u00a0 \u00a0 \u00a0 Genomg\u00e5nget MH, 3x CERT, HD A, ED 0<\/p>\n<\/div>\n<\/div><\/div><\/div><\/div><div id=\"pgc-1460-8-1\"  class=\"panel-grid-cell\" ><div id=\"panel-1460-8-1-0\" class=\"so-panel widget widget_sow-image panel-first-child panel-last-child\" data-index=\"14\" ><div\n\t\t\t\n\t\t\tclass=\"so-widget-sow-image so-widget-sow-image-default-c67d20f9f743-1460\"\n\t\t\t\n\t\t>\n<div class=\"sow-image-container\">\n\t\t<img \n\tdata-src=\"https:\/\/astolat.se\/wp-content\/uploads\/2016\/02\/enya.jpg\" width=\"199\" height=\"233\" data-srcset=\"https:\/\/astolat.se\/wp-content\/uploads\/2016\/02\/enya.jpg 199w, https:\/\/astolat.se\/wp-content\/uploads\/2016\/02\/enya-64x75.jpg 64w\" data-sizes=\"(max-width: 199px) 100vw, 199px\" alt=\"\" \t\tclass=\"so-widget-image lazyload\" src=\"data:image\/svg+xml;base64,PHN2ZyB3aWR0aD0iMSIgaGVpZ2h0PSIxIiB4bWxucz0iaHR0cDovL3d3dy53My5vcmcvMjAwMC9zdmciPjwvc3ZnPg==\" style=\"--smush-placeholder-width: 199px; --smush-placeholder-aspect-ratio: 199\/233;\" \/>\n\t<\/div>\n\n<\/div><\/div><\/div><\/div><\/div><div id=\"pg-1460-9\"  class=\"panel-grid panel-has-style\" ><div class=\"panel-row-style panel-row-style-for-1460-9\" ><div id=\"pgc-1460-9-0\"  class=\"panel-grid-cell\" ><div id=\"panel-1460-9-0-0\" class=\"so-panel widget widget_sow-image panel-first-child panel-last-child\" data-index=\"15\" ><div\n\t\t\t\n\t\t\tclass=\"so-widget-sow-image so-widget-sow-image-default-8b5b6f678277-1460\"\n\t\t\t\n\t\t>\n<div class=\"sow-image-container\">\n\t\t<img \n\tdata-src=\"https:\/\/astolat.se\/wp-content\/uploads\/2017\/01\/clivia.jpg\" width=\"320\" height=\"214\" data-srcset=\"https:\/\/astolat.se\/wp-content\/uploads\/2017\/01\/clivia.jpg 320w, https:\/\/astolat.se\/wp-content\/uploads\/2017\/01\/clivia-300x200.jpg 300w\" data-sizes=\"(max-width: 320px) 100vw, 320px\" alt=\"\" \t\tclass=\"so-widget-image lazyload\" src=\"data:image\/svg+xml;base64,PHN2ZyB3aWR0aD0iMSIgaGVpZ2h0PSIxIiB4bWxucz0iaHR0cDovL3d3dy53My5vcmcvMjAwMC9zdmciPjwvc3ZnPg==\" style=\"--smush-placeholder-width: 320px; --smush-placeholder-aspect-ratio: 320\/214;\" \/>\n\t<\/div>\n\n<\/div><\/div><\/div><div id=\"pgc-1460-9-1\"  class=\"panel-grid-cell\" ><div id=\"panel-1460-9-1-0\" class=\"so-panel widget widget_sow-editor panel-first-child panel-last-child\" data-index=\"16\" ><div class=\"panel-widget-style panel-widget-style-for-1460-9-1-0\" ><div\n\t\t\t\n\t\t\tclass=\"so-widget-sow-editor so-widget-sow-editor-base\"\n\t\t\t\n\t\t>\n<div class=\"siteorigin-widget-tinymce textwidget\">\n\t<h5><\/h5>\n<h6 style=\"text-align: center;\">A. CLIVIA CAPSELLA<\/h6>\n<p style=\"text-align: center;\">Genomg\u00e5nget MH 2x CERT, HD A,ED 0<\/p>\n<\/div>\n<\/div><\/div><\/div><\/div><\/div><\/div><\/div>","protected":false},"excerpt":{"rendered":"<p>f\u00f6dda 2006, e. TJH KORAD SE UCH Watchman- Izor \/ Sandcastle&#8217;s Queen B. &nbsp; A. CACTUS CALYPTUS Genomg\u00e5nget MH<\/p>\n","protected":false},"author":1,"featured_media":0,"parent":0,"menu_order":0,"comment_status":"closed","ping_status":"closed","template":"templates\/no-sidebar.php","meta":{"_vp_format_video_url":"","_vp_image_focal_point":[],"footnotes":""},"class_list":["post-1460","page","type-page","status-publish","hentry"],"_links":{"self":[{"href":"https:\/\/astolat.se\/index.php?rest_route=\/wp\/v2\/pages\/1460","targetHints":{"allow":["GET"]}}],"collection":[{"href":"https:\/\/astolat.se\/index.php?rest_route=\/wp\/v2\/pages"}],"about":[{"href":"https:\/\/astolat.se\/index.php?rest_route=\/wp\/v2\/types\/page"}],"author":[{"embeddable":true,"href":"https:\/\/astolat.se\/index.php?rest_route=\/wp\/v2\/users\/1"}],"replies":[{"embeddable":true,"href":"https:\/\/astolat.se\/index.php?rest_route=%2Fwp%2Fv2%2Fcomments&post=1460"}],"version-history":[{"count":43,"href":"https:\/\/astolat.se\/index.php?rest_route=\/wp\/v2\/pages\/1460\/revisions"}],"predecessor-version":[{"id":3956,"href":"https:\/\/astolat.se\/index.php?rest_route=\/wp\/v2\/pages\/1460\/revisions\/3956"}],"wp:attachment":[{"href":"https:\/\/astolat.se\/index.php?rest_route=%2Fwp%2Fv2%2Fmedia&parent=1460"}],"curies":[{"name":"wp","href":"https:\/\/api.w.org\/{rel}","templated":true}]}}